composite number?
False
Is 2353853791 composite?
False
Is 617249981 prime?
True
Is 168130261 composite?
True
Is 12511071971 a composite number?
False
Is 448054249795 prime?
False
Is 3573188891 prime?
True
Is 18841687391 composite?
True
Is 1526503739 a composite number?
False
Is 5981928131 composite?
False
Is 9900195311 a composite number?
True
Is 439905329 composite?
False
Is 236381077 prime?
True
Is 30544203257 prime?
True
Is 153871604651 composite?
True
Is 4153875917 a composite number?
False
Is 1235910967 a composite number?
False
Is 49933725059 a composite number?
False
Is 3021605689 prime?
True
Is 112236832409 composite?
True
Is 181111831 composite?
False
Is 1453796455 prime?
False
Is 24879719567 a composite number?
False
Is 721422293 a composite number?
True
Is 66940770107 a composite number?
True
Is 30663362969 a prime number?
True
Is 47708396707 composite?
False
Is 7049846213 prime?
False
Is 2593837027 composite?
False
Is 90514283 a prime number?
False
Is 5311248949 a prime number?
True
Is 1105498837 a prime number?
True
Is 2685162169 prime?
True
Is 92154458843 a prime number?
True
Is 1183346783 composite?
False
Is 8545986509 composite?
False
Is 27769508477 prime?
True
Is 3982982333 a prime number?
False
Is 63907553 a prime number?
True
Is 36632777317 a composite number?
True
Is 60206761079 a composite number?
True
Is 5630023307 prime?
True
Is 2037833069 prime?
True
Is 62179602619 prime?
False
Is 1673510879 composite?
False
Is 269323151 a prime number?
False
Is 3533993287 composite?
True
Is 19350669193 a composite number?
False
Is 6701597309 a composite number?
True
Is 115354078165 prime?
False
Is 48918307 a composite number?
False
Is 42964102751 composite?
True
Is 706714963 prime?
True
Is 50212872881 a composite number?
False
Is 7515335369 prime?
False
Is 109430332514 a prime number?
False
Is 7788064589 a prime number?
True
Is 201781819 a prime number?
True
Is 229853086 composite?
True
Is 10392002627 a composite number?
True
Is 60040586191 a prime number?
True
Is 684123359 composite?
False
Is 207369731 composite?
False
Is 524843873 composite?
True
Is 452618599 prime?
True
Is 1115712307 a prime number?
True
Is 1521231463 a prime number?
False
Is 56347972729 prime?
True
Is 2820341569 prime?
False
Is 174423911 composite?
False
Is 23167882247 composite?
True
Is 939553961 a prime number?
False
Is 13690467821 a prime number?
False
Is 40674553 a prime number?
False
Is 10921191031 a composite number?
True
Is 1719048173 a prime number?
True
Is 331623887 prime?
False
Is 171151535017 prime?
False
Is 2130571987 composite?
False
Is 721432297 prime?
True
Is 26777223043 composite?
False
Is 558544247 composite?
False
Is 79951393411 a prime number?
False
Is 73954477 a composite number?
False
Is 25683818441 a prime number?
False
Is 29382214679 composite?
False
Is 2529594803 a composite number?
True
Is 702421595 a composite number?
True
Is 491132227 prime?
False
Is 1035053911 a prime number?
False
Is 164382727 a prime number?
True
Is 2609943631 prime?
True
Is 9672408157 a prime number?
False
Is 554580967 composite?
True
Is 3892376207 prime?
True
Is 7942823009 a composite number?
True
Is 217550933 composite?
False
Is 14886184603 composite?
False
Is 9917254007 a composite number?
True
Is 456137681 prime?
True
Is 870093577 prime?
False
Is 2270191387 a prime number?
True
Is 1239806740895 a prime number?
False
Is 20561526841 a composite number?
False
Is 12967562183 prime?
True
Is 1932819281 prime?
False
Is 39084338993 a composite number?
True
Is 9408203561 a composite number?
True
Is 74930599 a prime number?
True
Is 15337084013 a prime number?
False
Is 1657131841 a prime number?
False
Is 684266237 a composite number?
False
Is 3884591201 a composite number?
False
Is 82923317 a composite number?
True
Is 22726083119 a prime number?
False
Is 13411300543 prime?
True
Is 282765597 composite?
True
Is 5253791993 composite?
False
Is 21201482963 prime?
True
Is 52350561761 composite?
True
Is 4884061499 a prime number?
False
Is 30702664381 composite?
True
Is 6498171455 a composite number?
True
Is 3134489591 a prime number?
True
Is 1986624581 composite?
False
Is 79398289 a composite number?
True
Is 1503525671 a prime number?
True
Is 6103649029 a prime number?
True
Is 190426205 a prime number?
False
Is 12767087287 a prime number?
True
Is 767849699 a prime number?
True
Is 90506621713 composite?
False
Is 88065343 prime?
True
Is 37327462253 a prime number?
True
Is 47712417743 a composite number?
True
Is 3134490599 a prime number?
False
Is 28686584813 prime?
True
Is 316416851 a prime number?
True
Is 74353481911 a prime number?
False
Is 15170857859 prime?
False
Is 596355442 prime?
False
Is 889912201 prime?
False
Is 136995757127 prime?
True
Is 59896349 prime?
True
Is 388890577 a composite number?
True
Is 3085220927 a composite number?
False
Is 5115910301 a composite number?
True
Is 7055790587 a composite number?
False
Is 112516138201 a composite number?
False
Is 269071213 composite?
True
Is 772708861 a composite number?
False
Is 68994114065 prime?
False
Is 16025318137 a composite number?
False
Is 1943412061 a prime number?
False
Is 870916441 a composite number?
True
Is 268947986917 prime?
True
Is 23730508261 composite?
True
Is 25743942409 a composite number?
False
Is 1924490255 a composite number?
True
Is 265008626387 a composite number?
False
Is 3502624511 a prime number?
False
Is 5499635426 a prime number?
False
Is 100865613337 a prime number?
False
Is 1686580673 a composite number?
True
Is 2116192921 a composite number?
False
Is 1027867201 prime?
False
Is 14717204263 a prime number?
True
Is 4659099983 composite?
True
Is 1475819861 a composite number?
True
Is 2299210789 a prime number?
True
Is 17697459671 prime?
True
Is 74558267 prime?
False
Is 39882865157 a composite number?
False
Is 10106581 a prime number?
False
Is 588461191 a composite number?
False
Is 7538722661 a prime number?
False
Is 52346878711 a composite number?
True
Is 84292874 a prime number?
False
Is 12308366921 prime?
True
Is 2303668761 prime?
False
Is 26969373163 a prime number?
False
Is 190422371 a composite number?
False
Is 1827024827 a composite number?
False
Is 381879037 a composite number?
False
Is 212758309 a composite number?
False
Is 413836813 a composite number?
True
Is 43559296003 composite?
False
Is 1272370895 composite?
True
Is 802658047 a composite number?
False
Is 3679532165 composite?
True
Is 44871917345 a composite number?
True
Is 16890297167 composite?
False
Is 2353448041 a prime number?
False
Is 44984437 composite?
True
Is 921386299 prime?
True
Is 9261618433 composite?
False
Is 53263404079 prime?
True
Is 42282139759 a composite number?
True
Is 11810298263 a prime number?
True
Is 482759713 a composite number?
True
Is 12552553837 composite?
False
Is 245798221 composite?
False
Is 334303301 a composite number?
False
Is 7323025187 composite?
False
Is 1105811983 a prime number?
False
Is 5793591139 composite?
True
Is 2471254637 a composite number?
False
Is 698837401 composite?
False
Is 38205551 prime?
True
Is 23818753759 a prime number?
True
Is 85170588001 composite?
False
Is 1840260239 composite?
False
Is 12100231501 prime?
False
Is 2042087741 a composite number?
False
Is 1995454303 a composite number?
False
Is 77783032883 composite?
True
Is 375654941 a prime number?
True
Is 21257043443 a prime number?
False
Is 264318299439 prime?
False
Is 26085425569 prime?
False
Is 105615937771 prime?
False
Is 23219936759 a composite number?
False
Is 5746990321 a prime number?
True
Is 62919804097 a prime number?
True
Is 5054877719 a composite number?
False
Is 555025409 a composite number?
True
Is 27169682357 prime?
True
Is 13061186911 prime?
True
Is 86300783 a prime number?
False
Is 302472661 a composite number?
False
Is 944464793 a composite number?
False
Is 3147685603 a composite number?
False
Is 1677486173 prime?
False
Is 367168601 prime?
False
Is 244432913 a composite number?
True
Is 1855597417 composite?
True
Is 7889841013 a prime number?
False
Is 2237681077 a prime number?
False
Is 161646151 a composite number?
False
Is 718099453 prime?
False
Is 1276348363 a composite number?
True
Is 31164625451 a prime number?
True
Is 79788723617 a composite number?
True
Is 269155958 prime?
False
Is 8711616547 a compos